alculate o(-189).
-1
Let a(x) = 2*x**2 - 44292*x - 265816. Give a(-6).
8
Let g(c) = -2*c**3 - 5*c**2 + 85*c + 305. What is g(-6)?
47
Let c(l) = 2*l**2 + 1556*l - 30. Determine c(0).
-30
Let g(o) = -o**3 - 4*o**2 + 17*o + 59. What is g(0)?
59
Let g(j) = 14*j**3 + 5*j**2 + 107*j - 624. Determine g(5).
1786
Let d(b) = b**3 + 19*b**2 - 343*b - 846. Calculate d(13).
103
Let t(n) = -3170*n + 83361. Give t(26).
941
Let z(t) = 60*t**3 - 5700*t**2 + 10*t - 935. Give z(95).
15
Let s(y) = -32995*y + 197968. Give s(6).
-2
Let b(t) = 2*t**2 + 46*t - 4044. Calculate b(42).
1416
Let i(z) = 198*z**2 + 7892*z + 291. Determine i(-40).
1411
Let n(o) = -29*o**2 + 95*o + 567. Give n(6).
93
Let t(a) = 239*a**3 - 12427*a**2 - 57*a + 264. Determine t(52).
4
Let b(d) = 3*d**3 - 3*d**2 - 5620*d - 5617. What is b(-1)?
-3
Let n(p) = 5*p**3 - 24*p**2 - 4075*p + 16358. Determine n(4).
-6
Let q(c) = 157*c**2 + 2281*c + 7107. Determine q(-10).
-3
Let b(t) = -35495*t - 107163. Give b(-3).
-678
Let s(l) = -3*l**2 + 334*l + 5235. What is s(-14)?
-29
Let x(n) = -3*n**2 + 171*n + 2243. Give x(-11).
-1
Let h(y) = 426*y**3 + 2*y**2 + 293*y + 291. Give h(-1).
-426
Let i(c) = 586*c + 404919. Calculate i(-691).
-7
Let j(r) = 6*r**2 - 160*r + 2226. Give j(16).
1202
Let a(l) = -87*l - 8810. What is a(-109)?
673
Let t(p) = 4*p**3 - 11*p**2 + 30*p + 98. Give t(-6).
-1342
Let s(d) = -7*d**3 + 2107*d**2 + 12*d - 3613. Give s(301).
-1
Let x(c) = -3*c**2 - 1143*c - 50492. Calculate x(-330).
-2
Let m(o) = 1050*o + 287700. What is m(-274)?
0
Let h(u) = -33634*u + 4137000. What is h(123)?
18
Let q(l) = 3*l**3 - 29*l**2 + 72*l - 430. Give q(9).
56
Let u(r) = -r**3 - 52*r**2 - 1646*r - 11319. What is u(-9)?
12
Let m(q) = -q**3 - 67*q**2 + 153*q + 1235. Give m(-69).
200
Let t(r) = r**3 + 34*r**2 + 104*r + 3642. Calculate t(-34).
106
Let s(y) = 2513*y + 20165. What is s(-8)?
61
Let f(v) = 11*v**3 + 723*v**2 + 4929*v - 101. Calculate f(-58).
-43
Let u(c) = 3*c**3 - 59*c**2 - 110*c + 2811. What is u(19)?
-1
Let z(n) = 2*n**3 - 58*n**2 - 2243*n - 7925. Calculate z(-4).
-9
Let t(l) = 2838*l - 14545. What is t(5)?
-355
Let q(j) = 491284*j + 2456350. What is q(-5)?
-70
Let g(z) = 7*z**3 - 725*z**2 - 2569*z + 107. Give g(107).
0
Let h(p) = -46*p**3 + 926*p - 1860. What is h(2)?
-376
Let r(w) = w**3 + 14*w**2 - 14*w - 11. Calculate r(-18).
-1055
Let a(l) = -154672*l - 773172. Calculate a(-5).
188
Let y(b) = -b**2 + 40*b + 4288. Calculate y(71).
2087
Let t(z) = 525*z - 94334. Give t(180).
166
Let d(f) = 2101*f + 8686. What is d(-4)?
282
Let b(k) = 605*k**3 - 7*k**2 - 2*k - 1. Give b(-1).
-611
Let k(y) = 3*y**2 - 615*y + 28975. Give k(131).
-107
Let c(h) = 7*h**3 - 70*h**2 - 14*h + 98. Calculate c(10).
-42
Let w(g) = 663*g**2 - 151164*g - 69. Give w(228).
-69
Let m(n) = 8*n**3 - 104*n**2 + 688*n - 5640. Calculate m(11).
-8
Let k(d) = 5*d**2 - 127*d + 238. Give k(25).
188
Let m(a) = -118*a**3 + 2954*a**2 - 64*a - 897. Give m(25).
3
Let y(b) = -1358*b + 10339. Determine y(7).
833
Let d(f) = -f**3 + 3*f**2 - 179*f + 1597. What is d(9)?
-500
Let r(t) = 2381*t - 50093. What is r(21)?
-92
Let d(j) = -j**3 + 10*j**2 + 110*j - 739. Determine d(10).
361
Let h(m) = -2*m**3 + 13*m**2 + 52*m + 365. Determine h(0).
365
Let d(m) = 5*m**3 + 5*m**2 - 200*m - 930. Calculate d(-5).
-430
Let q(y) = -y**3 + 16*y**2 - 4719*y - 44558. Give q(-9).
-62
Let b(o) = -3*o**2 - 432*o + 45709. Determine b(71).
-86
Let u(t) = -230*t**2 - 28745*t + 631. Calculate u(-125).
6
Let w(s) = s**3 - 27*s**2 + 155*s + 369. Give w(13).
18
Let u(n) = -12*n**2 - 2713*n - 13275. Determine u(-5).
-10
Let a(h) = -2*h**3 + 96*h**2 - 428*h + 37. Calculate a(5).
47
Let o(j) = -3*j**2 + 7151*j - 71291. Give o(10).
-81
Let x(c) = 3*c**2 - 790*c - 2153. Give x(266).
-25
Let n(i) = -1952*i - 42699. Calculate n(-23).
2197
Let k(g) = g**2 + 235*g - 5300. Give k(20).
-200
Let t(f) = 2*f**3 + 628*f**2 - 7639*f + 60306. Calculate t(-326).
-4
Let p(w) = 2*w**2 + 432*w - 31132. Determine p(57).
-10
Let v(d) = -2*d**3 + 226*d**2 - 2254*d - 51280. What is v(99)?
2
Let j(v) = v**2 - 688*v - 483462. Calculate j(-432).
378
Let w(b) = -187*b - 12409. Calculate w(-82).
2925
Let x(w) = -2*w**3 - 163*w**2 - 215*w + 1971. Give x(-80).
-29
Let v(q) = 2*q**3 - 32*q**2 + 1111*q - 19502. Calculate v(17).
-37
Let z(i) = -i**3 + 17*i**2 + 120*i - 2280. What is z(12)?
-120
Let a(u) = -u**2 + 144*u - 4943. Calculate a(27).
-1784
Let q(x) = -x**2 + 73*x - 291. Calculate q(59).
535
Let m(g) = -13*g**2 + 19568*g - 58593. Calculate m(3).
-6
Let v(b) = 2*b**2 - 254*b - 626. Determine v(122).
-1846
Let p(c) = 5895*c - 754655. What is p(128)?
-95
Let x(p) = -243*p + 25227. Calculate x(106).
-531
Let j(b) = 4294*b - 137503. Determine j(32).
-95
Let y(k) = 10410*k**2 - 62460*k - 17. Give y(6).
-17
Let d(m) = -670*m**3 - m**2 - m - 3. Calculate d(1).
-675
Let v(q) = q**2 + 148*q + 4588. What is v(-87)?
-719
Let c(k) = 166884*k + 11348127. Calculate c(-68).
15
Let d(z) = -z**3 + 4*z**2 - 45*z + 219. Calculate d(5).
-31
Let y(w) = -33218*w + 2889969. Give y(87).
3
Let u(q) = q**2 - 874*q - 6125. Determine u(-7).
42
Let u(w) = -330*w + 2635. Give u(8).
-5
Let y(s) = -s**2 + 13680*s - 13680. What is y(1)?
-1
Let u(i) = -i**2 + 367*i + 88440. Determine u(-166).
-38
Let q(w) = -4*w**2 + 163*w - 1653. Calculate q(9).
-510
Let x(o) = 39*o**2 - 865*o + 4. Determine x(22).
-150
Let t(f) = -2*f**2 - 298*f + 4100. Determine t(-169).
-2660
Let p(w) = -39*w**2 - 2141*w - 9733. Determine p(-5).
-3
Let d(j) = -j**2 - 8*j + 1076. Determine d(-28).
516
Let n(u) = -32*u + 451. What is n(27)?
-413
Let f(d) = -7*d + 1350. Calculate f(162).
216
Let f(g) = 55029*g + 550229. What is f(-10)?
-61
Let z(m) = 36*m**2 + 102*m - 661. Determine z(7).
1817
Let i(w) = w**3 - 8*w**2 - 124*w + 969. Give i(8).
-23
Let o(d) = 3*d**2 - 100*d - 14426. Give o(88).
6
Let p(f) = 4*f**2 + 112*f - 3835. Calculate p(21).
281
Let n(z) = -3*z**3 + 1861*z**2 - 2475*z - 741. Calculate n(619).
-122
Let t(g) = 3*g**3 - 565*g**2 - 2098*g - 2560. Calculate t(192).
128
Let b(c) = 762*c**3 + 39*c**2 + 2*c. Determine b(-1).
-725
Let o(y) = -91*y - 33826. Give o(-372).
26
Let a(h) = h**2 - 5175*h + 51661. What is a(10)?
11
Let o(p) = 628*p - 3650. Determine o(6).
118
Let n(t) = -362*t**2 - 19165*t - 19166. What is n(-1)?
-363
Let r(t) = 2*t**2 + 2099*t + 20791. Determine r(-10).
1
Let y(f) = -f**3 + 825*f + 7298. Determine y(-9).
602
Let d(q) = -2*q**3 + 65*q**2 + 790*q + 371. Calculate d(42).
35
Let l(m) = 24*m**3 + 170*m**2 + 156*m + 1005. What is l(-7)?
11
Let w(q) = -5*q**3 - 4133*q**2 + 16619*q - 14. What is w(4)?
14
Let m(y) = 10*y**2 - 811*y - 4242. Give m(86).
-28
Let p(t) = 140*t**2 - 2822*t + 416. What is p(20)?
-24
Let r(u) = -14*u + 1023. Give r(31).
589
Let f(d) = -4*d**3 - 17*d**2 + 31*d - 40. Give f(-9).
1220
Let w(f) = 17*f + 2100. What is w(-117)?
111
Let k(h) = -3*h**3 - 128*h**2 - 97*h - 6016. Give k(-43).
4
Let l(p) = 3660*p - 43598. What is l(12)?
322
Let b(h) = h**3 + 278*h**2 + 1618*h - 3944. Calculate b(-272).
-136
Let u(h) = 2*h + 3256. Determine u(-75).
3106
Let c(l) = -8*l**2 + 25875*l - 180722. Determine c(7).
11
Let i(q) = 16562*q**2 + 82795*q - 23. Calculate i(-5).
52
Let h(c) = -2*c**2 - 1010*c - 126588. Calculate h(-231).
0
Let s(q) = -3*q**3 + 372*q**2 - 87*q - 284. Determine s(1).
-2
Let k(x) = -10*x**3 + 342*x**2 - 100*x + 44. What is k(34)?
-1044
Let v(h) = 721248*h + 2884999. What is v(-4)?
7
Let j(g) = 19*g**2 + 1975*g + 364. Determine j(-104).
468
Let v(x) = -1905*x - 7381. Give v(-4).
239
Let f(p) = p**3 - 598*p**2 + 34099*p + 4918. Give f(64).
-10
Let y(o) = 15*o**2 - 234*o + 554. Calculate y(4).
-142
Let u(s) = 206024*s - 824092. What is u(4)?
4
Let h(t) = t**3 - 52*t**2 + 156*t - 5629. Determine h(51).
-274
Let p(a) = -6*a**3 + 237*a**2 + 1201*a - 573. Determine p(44).
-1
Let r(a) = -1864385*a + 9. Give r(0).
9
Let b(n) = 4*n**3 - 140*n**2 + 1077*n - 40. Give b(12).
-364
Let s(p) = -4*p**2 + 1075*p - 51059. Calculate s(207).
70
Let t(g) = g**3 + 59*g**2 + 526*g - 428. Give t(-12).
28
Let h(x) = 57170*x - 9090035. Calculate h(159).
-5
Let s(k) = -k**2 - 709*k - 2686. Determine s(-4).
134
Let b(p) = 365*p - 49289. Determine b(135).
-14
Let u(o) = 13434*o + 5776660. Calculate u(-430).
40
Let d(g) = -g**3 - 1